, what is 4146035 - -2?
4146037
In base 14, what is 380 + 3c98?
4238
In base 16, what is -3b6e - 13c?
-3caa
In base 5, what is -2004010433 - 2?
-2004010440
In base 2, what is -1101110011001111 - -101111?
-1101110010100000
In base 2, what is 10010111111111110011111 + -11010?
10010111111111110000101
In base 10, what is -53915 - 1969?
-55884
In base 3, what is -12200220 - -2111020?
-10012200
In base 9, what is -745806 - -212?
-745584
In base 3, what is -211100210022 + 120111?
-211100012211
In base 7, what is 32 - 63651653?
-63651621
In base 2, what is 100000110010001001100111111 - -1?
100000110010001001101000000
In base 8, what is 110063 + 1217?
111302
In base 10, what is -33628 + 2405?
-31223
In base 12, what is 1591 + -61b?
b72
In base 14, what is 4 - -234c279?
234c27d
In base 4, what is -2011103312012 - 10?
-2011103312022
In base 2, what is -1 - -10001111111010111111011?
10001111111010111111010
In base 10, what is -16226 - -4110?
-12116
In base 3, what is 1202202 + -2112220?
-210011
In base 4, what is -12230 - -1110300012?
1110221122
In base 13, what is -1 + 23a830?
23a82c
In base 5, what is -3 + -13100320114?
-13100320122
In base 8, what is -2165657 - -203?
-2165454
In base 11, what is 3584 - -297a?
6453
In base 10, what is -9761503 - -73?
-9761430
In base 16, what is 5d7 - -311e?
36f5
In base 16, what is -71 + 7321?
72b0
In base 15, what is -291ec - 29c?
-29499
In base 12, what is -31310a8 - -2?
-31310a6
In base 4, what is -2112203310031 + 1?
-2112203310030
In base 11, what is -21529a - -102?
-215198
In base 15, what is cd - -97dca?
97ea8
In base 9, what is 426306 - -1184?
427501
In base 10, what is 36299688 - -3?
36299691
In base 2, what is 100111001 - 1000010101010001010?
-1000010100101010001
In base 11, what is 4 - 1312326?
-1312322
In base 8, what is 5 - -1600233?
1600240
In base 13, what is 679 + -1aaa?
-1431
In base 5, what is -343401 + 10234?
-333112
In base 3, what is 11 + -2200121100201?
-2200121100120
In base 7, what is -551 - 4425?
-5306
In base 11, what is -5 - -100a201?
100a1a7
In base 13, what is 3a0a3186 + -5?
3a0a3181
In base 11, what is 42284266 + -5?
42284261
In base 10, what is 4 + 18440550?
18440554
In base 14, what is -911a + 887?
-8673
In base 2, what is 1 + -110001000000101101111111110?
-110001000000101101111111101
In base 6, what is -234 + -11405143?
-11405421
In base 3, what is -112111220 - -121?
-112111022
In base 6, what is 3 + -42335334?
-42335331
In base 2, what is 111110011100 - -110011010101101000?
110100010100000100
In base 14, what is 4aa67c + 239?
4aa8b7
In base 13, what is -1969 + 12c4?
-675
In base 9, what is 53 + -776401?
-776337
In base 8, what is 304722 + -45?
304655
In base 13, what is -a - -2b44341?
2b44334
In base 11, what is 2 - -5a39a12?
5a39a14
In base 16, what is 4b68 + -ca?
4a9e
In base 14, what is -158bd6 + -12?
-158c08
In base 7, what is -102 - 45450?
-45552
In base 5, what is 32 + 110421321?
110421403
In base 7, what is 45 + -3361315?
-3361240
In base 11, what is 216 - 1998?
-1782
In base 9, what is 5138452 - 134?
5138317
In base 14, what is 2399 - -d5b?
3316
In base 11, what is 33416491 - -8?
33416499
In base 13, what is -1 + -a9c74a7?
-a9c74a8
In base 12, what is bb9 - 334?
885
In base 2, what is -10110111000001011 - 10011101?
-10110111010101000
In base 6, what is 30311324 + 23?
30311351
In base 11, what is -454a104 - -1?
-454a103
In base 15, what is -13 + -85c51?
-85c64
In base 2, what is 10 - -100101001111000001000?
100101001111000001010
In base 13, what is -173a - 867?
-22a4
In base 13, what is -1 - 1b385a8?
-1b385a9
In base 15, what is -173 - -1be04?
1bc81
In base 2, what is 1001001000000100000000 + 110100?
1001001000000100110100
In base 2, what is 10100100 - -100100001100000110?
100100001110101010
In base 4, what is 101201110003 + 12?
101201110021
In base 7, what is -3 - 1134165624?
-1134165630
In base 13, what is 2b1 + 34c53?
35234
In base 14, what is -4a8 + 40584?
400ba
In base 3, what is -1022022021 + 12020?
-1022010001
In base 14, what is -a115416 - 0?
-a115416
In base 8, what is 1265 + 665234?
666521
In base 3, what is -22 - -2220222100102122?
2220222100102100
In base 4, what is 1111333233301 + -1010?
1111333232231
In base 13, what is 2 + 803819?
80381b
In base 11, what is -10 + -3377a09?
-3377a19
In base 14, what is -75 - -160c99d?
160c928
In base 7, what is -22 - 2322332?
-2322354
In base 11, what is 4 - 1296857?
-1296853
In base 6, what is 54 - 45310045?
-45305551
In base 11, what is 145189 + 21a?
1453a8
In base 4, what is -22010122203 - -30?
-22010122113
In base 9, what is 8255218 + 1?
8255220
In base 11, what is -226991a - 2?
-2269921
In base 8, what is 342662 + -11?
342651
In base 10, what is 6 + 771602?
771608
In base 7, what is -10132145 + 20?
-10132125
In base 15, what is 8 - -1c66d35?
1c66d3d
In base 5, what is -24011 + -140231?
-214242
In base 11, what is 860668 + -97?
860581
In base 11, what is 52619 + 2?
52620
In base 2, what is -10110100001000 + -1000111011001?
-11111011100001
In base 4, what is 21 - -1012230313220?
1012230313301
In base 15, what is -3 - -11405a?
114057
In base 8, what is -11 + 6776371?
6776360
In base 16, what is 37471 - 1d?
37454
In base 4, what is 232103013103 - 1?
232103013102
In base 11, what is 165295a4 - -4?
165295a8
In base 12, what is -486a638 + 1?
-486a637
In base 4, what is 21 - -10220100122?
10220100203
In base 15, what is c775 + -d8?
c68c
In base 11, what is 6263 - 21028?
-15875
In base 5, what is -42143110 - -341?
-42142214
In base 9, what is -486 + -74141?
-74637
In base 9, what is 247088 - 78?
247010
In base 16, what is -6ba2df + -24?
-6ba303
In base 7, what is -1410023 - 30?
-1410053
In base 16, what is 1e0 - -2e7c?
305c
In base 11, what is -34178 + -936?
-35003
In base 5, what is 412 - 342333?
-341421
In base 8, what is 46375 - 753?
45422
In base 15, what is 0 + -1be2e9?
-1be2e9
In base 3, what is 11111121221 - -10120222?
11122012220
In base 8, what is -7 - 5473313?
-5473322
In base 7, what is 11 - 4104330?
-4104316
In base 10, what is -168742 - 6?
-168748
In base 2, what is 1001100 + 1110101110101?
1110111000001
In base 15, what is 3b + -751?
-715
In base 9, what is -3 + -1281626?
-1281630
In base 9, what is 42 + 144367?
144420
In base 14, what is -15225 + -ca?
-15311
In base 7, what is 350 - -61053?
61433
In base 6, what is 12 - -201230154?
201230210
In base 9, what is 30615341 + 4?
30615345
In base 15, what is -bd511b2 - 4?
-bd511b6
In base 12, what is 3a00 - -967?
4767
In base 4, what is -11 - 302130010131?
-302130010202
In base 5, what is 2 - 12323332?
-12323330
In base 15, what is 99873 + 19d?
99a21
In base 9, what is 12473 + 10303?
22776
In base 10, what is 89923145 + 2?
89923147
In base 6, what is 13 - 141453041?
-141453024
In base 13, what is 18 - 60c57?
-60c3c
In base 16, what is 99976 + -ea?
9988c
In base 2, what is -1011010010 - 110110100011000110111?
-110110100100100001001
In base 3, what is -2 + 12002222210220222?
12002222210220220
In base 11, what is -5 + 618534?
61852a
In base 4, what is 3112131010103 - -11?
3112131010120
In base 14, what is -d72 - -595cd?
5865b
In base 3, what is 0 + -12210012210222200?
-12210012210222200
In base 10, what is -32064544 - 2?
-32064546
In base 7, what is 34444 - -35634?
103411
In base 16, what is -1524031 - -3?
-152402e
In base 2, what is 11111111001101110100000111 - -1?
11111111001101110100001000
In base 11, what is 991741 + -a4?
991648
In base 2, what is -111 - -1010101000001001?
1010101000000010
In base 16, what is 17 + 3e1b3?
3e1ca
In base 6, what is 214205 + -330510?
-112301
In base 12, what is -13 + 27078a2?
270788b
In base 9, what is 3 - -70205570?
70205573
In base 14, what is 2 + a53754?
a53756
In base 14, what is -1c41400 - 5?
-1c41405
In base 15, what is -5 - -29566d8?
29566d3
In base 7, what is 66114 - 2222?
63562
In base 16, what is -2 + -731a8a?
-731a8c
In base 14, what is -4 + -4c9117d?
-4c91183
In base 3, what is 11010 - -1111120022?
1111201102
In base 2, what is -1011001011001110010010 - 10111?
-1011001011001110101001
In base 8, what is -112 - 14157640?
-14157752
In base 9, what is -1187 + 101436?
100238
In base 11, what is 110a215 + 6?
110a220
In base 15, what is -5c5d814 + -3?
-5c5d817
In base 5, what is 40320 + -102313?
-11443
In base 10, what is -155 + -939?
-1